n factor of 12581 and 230.
23
Calculate the greatest common factor of 77650 and 100.
50
What is the highest common divisor of 1275 and 176775?
75
What is the highest common divisor of 70182 and 378?
126
Calculate the highest common divisor of 75466 and 3104.
194
What is the greatest common divisor of 112700 and 23?
23
Calculate the greatest common factor of 25059 and 6.
3
Calculate the highest common divisor of 4706 and 5044.
26
Calculate the greatest common factor of 118000 and 130.
10
Calculate the highest common factor of 5902690 and 10.
10
Calculate the highest common factor of 272 and 26672.
16
What is the greatest common factor of 17268 and 1116?
12
Calculate the highest common divisor of 25839306 and 558.
558
What is the highest common factor of 3027015 and 137?
137
Calculate the highest common factor of 7739347 and 14.
7
Calculate the greatest common divisor of 144780 and 127.
127
What is the greatest common divisor of 683605 and 1618?
809
Calculate the greatest common divisor of 84051 and 6534.
297
Calculate the highest common factor of 102 and 119748.
102
Calculate the greatest common factor of 83 and 139357.
83
Calculate the highest common divisor of 6426 and 164781.
459
What is the highest common divisor of 86345 and 4515?
35
Calculate the highest common divisor of 37240 and 456.
152
What is the greatest common factor of 50906 and 22?
2
Calculate the highest common factor of 180622 and 1560.
26
Calculate the greatest common factor of 18 and 209712.
6
Calculate the greatest common divisor of 31 and 111662.
31
Calculate the greatest common factor of 1274 and 2535.
13
Calculate the highest common divisor of 2079 and 4752.
297
Calculate the greatest common divisor of 7506156 and 386.
386
Calculate the greatest common divisor of 46207 and 46.
23
Calculate the highest common factor of 49762 and 278.
278
Calculate the highest common divisor of 492 and 4551.
123
Calculate the highest common divisor of 2268 and 19764.
324
What is the greatest common divisor of 235986 and 12210?
222
Calculate the greatest common factor of 51 and 9651.
3
What is the greatest common divisor of 3375 and 201375?
1125
What is the highest common divisor of 1612 and 121892?
124
Calculate the highest common divisor of 59688 and 144.
72
Calculate the highest common factor of 63879 and 2985.
597
What is the highest common divisor of 6909 and 247737?
987
What is the highest common factor of 134784 and 91?
13
What is the highest common divisor of 639464 and 1803?
601
Calculate the highest common divisor of 1892 and 430.
86
Calculate the greatest common divisor of 5688 and 1592.
8
What is the greatest common factor of 98 and 2632?
14
Calculate the highest common divisor of 56 and 23642.
2
What is the greatest common divisor of 4015 and 163885?
365
What is the highest common factor of 63 and 129318?
21
What is the highest common divisor of 311813 and 1343?
79
Calculate the highest common divisor of 9 and 644169.
3
What is the greatest common factor of 24297 and 25116?
273
Calculate the greatest common divisor of 78656 and 192.
64
Calculate the highest common divisor of 261526 and 602.
86
Calculate the highest common divisor of 720806 and 60224.
1882
What is the highest common factor of 558365 and 1190?
85
Calculate the greatest common factor of 85 and 512550.
85
Calculate the greatest common factor of 14 and 150570.
14
What is the highest common factor of 364 and 2257892?
364
Calculate the highest common divisor of 140 and 50085.
35
What is the greatest common divisor of 504 and 760788?
252
Calculate the highest common divisor of 11940 and 1980.
60
What is the greatest common factor of 1160 and 2560?
40
Calculate the highest common factor of 28 and 29481.
1
Calculate the highest common factor of 784 and 658.
14
What is the highest common divisor of 274078 and 14?
14
What is the greatest common factor of 224 and 9170?
14
What is the highest common divisor of 1596 and 363?
3
What is the highest common factor of 9034978 and 866?
866
Calculate the greatest common divisor of 590112 and 72.
72
What is the greatest common factor of 17112 and 1932?
276
Calculate the greatest common factor of 2932123 and 59.
59
What is the highest common factor of 7 and 775579?
7
Calculate the highest common divisor of 3744 and 9276.
12
What is the greatest common divisor of 56588 and 987?
329
What is the highest common divisor of 3458 and 21983?
247
What is the highest common factor of 110472 and 38?
2
Calculate the greatest common factor of 567657 and 27.
9
Calculate the highest common divisor of 518 and 33226.
74
Calculate the greatest common divisor of 5087 and 2.
1
What is the greatest common divisor of 49373 and 21887?
509
What is the highest common factor of 6591760 and 158?
158
What is the greatest common divisor of 301 and 387?
43
Calculate the highest common factor of 83 and 721519.
83
Calculate the greatest common divisor of 3880 and 160.
40
Calculate the greatest common factor of 144 and 315184.
16
Calculate the greatest common factor of 3298 and 9112.
34
Calculate the greatest common divisor of 11625 and 9000.
375
What is the highest common factor of 140 and 194670?
70
Calculate the highest common factor of 574 and 7913.
41
What is the highest common divisor of 4140 and 276?
276
What is the highest common divisor of 31501 and 218?
109
What is the highest common factor of 266 and 49805?
7
What is the highest common factor of 48 and 3063?
3
Calculate the highest common divisor of 733203 and 1107.
369
What is the highest common divisor of 8762454 and 774?
774
Calculate the highest common factor of 18930 and 30.
30
What is the greatest common factor of 4986 and 162?
18
What is the greatest common factor of 2365762 and 1218?
406
Calculate the greatest common divisor of 651027 and 3.
3
Calculate the greatest common divisor of 1035 and 67620.
345
Calculate the greatest common factor of 4960 and 3584840.
1240
Calculate the highest common divisor of 110544 and 70.
14
Calculate the highest common factor of 1746 and 10728.
18
What is the highest common divisor of 83 and 1883851?
83
What is the highest common factor of 2 and 1547?
1
What is the greatest common divisor of 88 and 1054856?
88
Calculate the greatest common factor of 26778 and 8.
2
What is the highest common divisor of 323584 and 32?
32
What is the highest common divisor of 433008 and 81?
9
What is the greatest common divisor of 1532 and 22597?
383
Calculate the greatest common divisor of 468 and 58851.
117
Calculate the greatest common divisor of 134376 and 72.
24
What is the highest common divisor of 162533 and 93?
31
What is the greatest common divisor of 24 and 4434?
6
What is the highest common divisor of 2103 and 81?
3
Calculate the highest common factor of 10736 and 8272.
176
What is the greatest common divisor of 5789647 and 29?
29
What is the highest common factor of 85 and 294695?
85
Calculate the greatest common factor of 12 and 637242.
6
Calculate the highest common divisor of 6392 and 2040.
136
What is the highest common factor of 18 and 3291012?
18
Calculate the greatest common factor of 6762 and 124683.
69
Calculate the greatest common factor of 247776 and 174.
174
What is the greatest common divisor of 3835 and 1180?
295
What is the greatest common divisor of 243089 and 49?
49
What is the greatest common divisor of 174636 and 392?
196
What is the highest common factor of 9770 and 320?
10
What is the highest common factor of 6771 and 126453?
183
Calculate the highest common factor of 354908 and 249.
83
Calculate the highest common factor of 70486 and 2054.
26
Calculate the highest common factor of 96 and 1264704.
96
Calculate the greatest common divisor of 122286 and 6942.
534
What is the highest common factor of 44 and 665984?
44
What is the highest common divisor of 1775 and 76964?
71
What is the greatest common factor of 343 and 123235?
49
Calculate the highest common factor of 1189 and 87.
29
Calculate the greatest common divisor of 283236 and 4.
4
Calculate the highest common factor of 4469 and 41.
41
Calculate the highest common divisor of 13 and 4062877.
13
Calculate the highest common divisor of 798 and 4494.
42
What is the greatest common factor of 309 and 2286600?
309
Calculate the greatest common divisor